t is the remainder when 28 is divided by j(-20)?
0
Suppose 0 = 2*d - 7*d + 45. What is the remainder when d is divided by 5?
4
Let i = -15 + 22. Let j(v) = v - 6. Let l be j(5). What is the remainder when i is divided by (-8)/(-3) - l/3?
1
Let p(m) = -11*m**3 + 2*m + 1. Suppose 0 = 5*z + 5. Suppose 0 = -2*t + 4 + 8. Calculate the remainder when p(z) is divided by t.
4
Let k = 2 + 7. Let i = -14 - -19. Suppose i*u - 6*v - 126 = -4*v, -48 = -2*u + 2*v. What is the remainder when u is divided by k?
8
Let y = 0 - -5. Let v(s) = s - 1. Let l be v(-6). Let x = 6 - l. What is the remainder when x is divided by y?
3
Suppose 0 = -5*c - 20, 0 = -5*w + c - 139 - 127. Let f = 89 + w. What is the remainder when f*(-2 - 9/(-3)) is divided by 12?
11
What is the remainder when (36/(-10))/((-12)/40) is divided by 4?
0
Let o be -3 + 1/1 + -2. Let p(c) = c**3 + 3*c**2 - 5*c + 2. Let i(b) = 2*b + 6. Calculate the remainder when p(o) is divided by i(-1).
2
Suppose 19 + 16 = 5*q. Suppose 3 = 4*k + q. Let v(g) = -3*g + 1. What is the remainder when v(k) is divided by 2?
0
Let q = -8 + 9. Suppose 0 = -3*z - 5*u + 79, u + 4 + 25 = z. Suppose 2*c - 7 + q = 0, -2*x - 4*c + z = 0. What is the remainder when 22 is divided by x?
6
Let m be (-4)/22 + 6/33. Suppose i + 3*i - 32 = m. Calculate the remainder when i is divided by 3.
2
Let j(l) = -l**3 + 6*l**2 - 2*l - 6. What is the remainder when j(5) is divided by 5?
4
Suppose 2*s - 1298 = -3*k - 2*k, -5*k - 3*s + 1302 = 0. Suppose -2*u + 3*f + k = 6*f, -4*u + 2*f + 484 = 0. Calculate the remainder when u is divided by 31.
30
Suppose f = -2*k + 9, -4*k + 5*f + 33 = 2*f. Suppose -n = -v - 2 - k, 0 = -2*v. Suppose 4*t + 0*t = n. What is the remainder when t is divided by 1?
0
Suppose -2*y + 11 + 27 = 0. Suppose -y + 3 = -4*q. Suppose -3*b + 18 = -3*s, -q*s + 12 = 4*b + 4. What is the remainder when 14 is divided by b?
2
Let s(f) = -f**3 + 1. Let a = 4 - 2. Let r be s(a). What is the remainder when 6 is divided by (-1 + 3)/(r/(-14))?
2
Let i be -3 + 3 + (6 - -2). Suppose -2 = -5*s + i. Suppose 0 = 3*m - 2 - 4. Calculate the remainder when s is divided by m.
0
Let q be (-4)/20 + 22/10. Suppose 0*m = -2*c - 3*m + 47, 103 = 3*c - q*m. Calculate the remainder when c is divided by 16.
15
What is the remainder when ((-112)/21)/(4/(-6)) is divided by 3?
2
Suppose g - 5*l = 68 - 19, -2*l = -2*g + 130. What is the remainder when g is divided by 18?
15
Let j = -2 - 0. Let v be j/(-4) - (-9)/(-2). What is the remainder when (v/6)/((-3)/36) is divided by 3?
2
Suppose 5*n = 68 + 47. Calculate the remainder when n is divided by 6.
5
Let z = 46 + -25. What is the remainder when 1*(1 + -3) - -83 is divided by z?
18
Let d(r) = 18*r + 1. Suppose 0 = 2*v - 2. What is the remainder when 37 is divided by d(v)?
18
Let c(l) = l**2 - 5*l - 4. Let k be c(6). Suppose 4*j = 7*j - 87. What is the remainder when j is divided by 161/21 + k/6?
5
Suppose 1 = -d + 5*k + 2, -3*d + 31 = -k. Let l(c) = 2*c**2 + 4*c + 4. Calculate the remainder when l(-4) is divided by d.
9
Let s = 22 - 13. Let z = -6 - -9. Suppose -z*d + s - 3 = 0. What is the remainder when d is divided by 1?
0
Let n = 5 + -13. Let f(b) = -2*b + 5. Calculate the remainder when 40 is divided by f(n).
19
Let k(d) = 2*d**2 + 10*d - 21. What is the remainder when k(-9) is divided by 18?
15
Suppose 41 = 5*g - 4*z, -3*z = -2*g - 7*z - 6. Suppose 0 = -g*o - 2*x + 35, -3*o + x = -x - 37. What is the remainder when 16 is divided by o?
7
Let b(s) = 4*s**3 + s**2 - 4*s + 3. Let l = -38 - -46. What is the remainder when b(2) is divided by l?
7
Let v(f) = f**3 + 11*f**2 + 10*f - 13. Calculate the remainder when v(-9) is divided by 21.
17
Suppose o = 2*b - 1 - 2, -37 = -5*o - 3*b. Let m = 13 - 8. Suppose -l + 3*f + 20 = 0, 0 = l - m*f - 17 + o. What is the remainder when l is divided by 11?
10
Suppose 0*n + 5*n = 30. Let g = 12 + -21. What is the remainder when 23 is divided by ((-12)/g)/(1/n)?
7
Let u be (-7)/(7/18)*-3. Suppose 46 = 4*w - u. Calculate the remainder when w is divided by 7.
4
Suppose 0 = -3*u - b + 26, -u + 0 = 5*b + 10. Let o be (3/(-5) + -1)*-10. Suppose 12 = z - o. Calculate the remainder when z is divided by u.
8
Suppose -117 + 17 = 4*v. Let m = v - -49. Calculate the remainder when m is divided by 9.
6
Suppose 4*w - 6 = -k + 7, -2*k = -w - 17. Let a(p) = -p**2 + 13*p - 2. What is the remainder when a(k) is divided by 18?
16
Let j be 457/7 + 6/(-21). Suppose 0*m - j = -5*m. Let d = 1 + m. What is the remainder when 41 is divided by d?
13
Suppose 2 = -w - 3*b, -3*b - 8 = -w - b. What is the remainder when (10/w)/(5/10) is divided by 3?
2
Suppose 0 = -2*h + 2*o + 24, 3 = 5*h - 6*h + 4*o. Suppose -331 = -3*i - 2*i + 2*x, -3*i + 183 = 4*x. Calculate the remainder when i is divided by h.
14
Let b(i) = -3*i - 3. What is the remainder when 56 is divided by b(-7)?
2
Let o(k) = -44*k - 15. What is the remainder when o(-4) is divided by 41?
38
Let t be 18/(-12)*(-64)/(-6). Let w = t - 0. What is the remainder when 14 is divided by (w/6)/((-2)/6)?
6
Suppose 0 = -2*k + 4*q - 46, 3*q - q + 8 = 0. Let r = -15 - k. Calculate the remainder when r is divided by 9.
7
Let p = 17 + -16. What is the remainder when 2 is divided by p?
0
Let o be -1*(1/1 - 9). Let k(y) = y**2 - 2*y - 2. Let q(x) = 17*x**3 - x**2. What is the remainder when k(o) is divided by q(1)?
14
Let g = 70 - 116. Let j = g - -80. Calculate the remainder when j is divided by 12.
10
Suppose 3*g = x + 20 + 51, 3*g - 3*x - 81 = 0. Calculate the remainder when 85 is divided by g.
19
Let r be (-3 - -2) + 3 - 50. Let u be (-4)/(-14) + (-1314)/42. Let g = u - r. Calculate the remainder when 32 is divided by g.
15
Suppose 0 = -5*n + 20. Calculate the remainder when 10 is divided by n.
2
What is the remainder when 93 is divided by (-6)/(-14) - (-243)/21?
9
Suppose o = 2*b + 31, 3*b - 2*b = -o + 46. What is the remainder when o is divided by 22?
19
Let y be (-129)/(-6)*(-2)/(-1). Let t = y - 24. Let h = 42 + -5. Calculate the remainder when h is divided by t.
18
Let c = -154 + 217. What is the remainder when c is divided by 16?
15
Suppose -2 = h - 6. Let k(x) = x**3 - 5*x - 2. Let f be k(h). Calculate the remainder when 12 is divided by f/7 + (1 - 0).
5
Suppose 8 = -2*l - 0*l. Calculate the remainder when l/3*(-135)/9 is divided by 12.
8
Suppose -3*x + 47 = -0*u + 4*u, -3*x = -3. What is the remainder when 6 is divided by 3/2 - u/(-22)?
0
Suppose -3 = -m, 0 = -r - 0*r + 2*m + 13. Let w = -10 + r. Calculate the remainder when 33 is divided by w.
6
Let s = 6 - 3. Suppose -s*l = -k - 24, -l - 4*k = l - 16. What is the remainder when (-3)/(-9) + 41/3 is divided by l?
6
Let f = -41 - -105. Calculate the remainder when f is divided by 22.
20
Let n(c) = 2*c**3 - 2*c**2 - 2*c + 8. Calculate the remainder when 150 is divided by n(3).
36
Suppose 30 + 115 = 5*m - 5*n, n = 2*m - 56. Calculate the remainder when m is divided by 15.
12
Let i = 17 - 11. Calculate the remainder when 13 is divided by i.
1
What is the remainder when 286 is divided by (4 - 76)*(2 - 32/12)?
46
Let z be 6/4*(-8)/(-6). Let u be 1/(-2) + (-5)/z. What is the remainder when (52/(-6))/(2/u) is divided by 8?
5
Let z be ((-2)/(-2))/(7/21). Suppose z*m - 130 = 4*a, 2*m + 0*m = 3*a + 85. Calculate the remainder when m is divided by 26.
24
Suppose -7*b + 119 = -28. What is the remainder when 82 is divided by b?
19
Let m(y) = -6*y + 13. Let k(o) = -o + 1. Let s(c) = 4*k(c) - m(c). Calculate the remainder when 24 is divided by s(9).
6
Suppose 0*i - 20 = -4*i. Calculate the remainder when 14 is divided by i.
4
Let b(k) = -k**3 - 2*k**2 + 2*k - 1. Let z be b(-3). Let i(r) = -4*r - 3. What is the remainder when (-2 + 1)*(z - 51) is divided by i(-5)?
15
Let u = -1 + 3. Let d be (-2)/(-4) + 3/u. Suppose -2*p + d + 0 = 0, -o + p + 9 = 0. Calculate the remainder when 18 is divided by o.
8
Let d = -30 + 41. Calculate the remainder when 33 is divided by d.
0
Suppose -3*d + 3*x - 45 = -0*d, -4*d - 88 = 3*x. Let c = 30 + d. What is the remainder when c is divided by 26/7 - (-4)/14?
3
Let r be 3 + (-1)/(-3)*0. Suppose r*t + 0*t - 9 = 0. Suppose 0*p = 3*p + 3, -5*f + 5*p = -45. Calculate the remainder when f is divided by t.
2
Let q = 19 + -5. Calculate the remainder when 3*(-2*1 + 11) is divided by q.
13
Supp